 thousands digit of 31992958?
2
What is the thousands digit of 64120570?
0
What is the thousands digit of 1924140401?
0
What is the ten millions digit of 98875047?
9
What is the billions digit of 3860695158?
3
What is the hundreds digit of 273896835?
8
What is the hundreds digit of 2658713558?
5
What is the ten millions digit of 72930716?
7
What is the tens digit of 516631335?
3
What is the tens digit of 62912377?
7
What is the hundred thousands digit of 359449417?
4
What is the units digit of 334133578?
8
What is the units digit of 343726838?
8
What is the ten thousands digit of 434471698?
7
What is the millions digit of 387009153?
7
What is the millions digit of 60504493?
0
What is the ten thousands digit of 211258218?
5
What is the hundreds digit of 226950239?
2
What is the hundred thousands digit of 123143825?
1
What is the millions digit of 239977928?
9
What is the millions digit of 180529105?
0
What is the hundred millions digit of 274814132?
2
What is the ten millions digit of 92434845?
9
What is the hundred millions digit of 164805983?
1
What is the ten thousands digit of 56443817?
4
What is the units digit of 353757169?
9
What is the ten thousands digit of 47376444?
7
What is the units digit of 156265763?
3
What is the thousands digit of 27612822?
2
What is the tens digit of 36178544?
4
What is the tens digit of 41343046?
4
What is the thousands digit of 1377738218?
8
What is the thousands digit of 35923472?
3
What is the ten millions digit of 76851901?
7
What is the ten millions digit of 2049695205?
4
What is the ten millions digit of 184441316?
8
What is the hundreds digit of 104489086?
0
What is the tens digit of 2278832651?
5
What is the tens digit of 54825?
2
What is the ten thousands digit of 117563739?
6
What is the thousands digit of 51018555?
8
What is the tens digit of 177573328?
2
What is the millions digit of 863508405?
3
What is the hundred millions digit of 809424186?
8
What is the ten millions digit of 59660705?
5
What is the thousands digit of 4316142400?
2
What is the thousands digit of 5919016844?
6
What is the millions digit of 13376077?
3
What is the thousands digit of 447571729?
1
What is the ten millions digit of 86329197?
8
What is the tens digit of 157166492?
9
What is the ten thousands digit of 3440259148?
5
What is the ten millions digit of 563859377?
6
What is the hundred millions digit of 789112207?
7
What is the ten millions digit of 1061107756?
6
What is the hundred thousands digit of 5796529936?
5
What is the ten millions digit of 44807902?
4
What is the hundreds digit of 6946560?
5
What is the ten thousands digit of 68436288?
3
What is the millions digit of 108485718?
8
What is the ten thousands digit of 15708835?
0
What is the millions digit of 19382327?
9
What is the hundred thousands digit of 336929092?
9
What is the units digit of 144282107?
7
What is the hundreds digit of 57423041?
0
What is the billions digit of 5769572846?
5
What is the thousands digit of 1061463294?
3
What is the ten millions digit of 82010206?
8
What is the hundreds digit of 1194078400?
4
What is the millions digit of 35191622?
5
What is the millions digit of 2704234046?
4
What is the ten thousands digit of 6423481423?
8
What is the hundred thousands digit of 58211343?
2
What is the thousands digit of 354616890?
6
What is the hundred millions digit of 119245377?
1
What is the hundred thousands digit of 1679998211?
9
What is the units digit of 12570441?
1
What is the hundred thousands digit of 1066854053?
8
What is the thousands digit of 772109398?
9
What is the ten millions digit of 450267730?
5
What is the millions digit of 558956331?
8
What is the hundred millions digit of 982657061?
9
What is the millions digit of 87305790?
7
What is the tens digit of 2240379154?
5
What is the hundred thousands digit of 132098964?
0
What is the units digit of 122769087?
7
What is the units digit of 857977773?
3
What is the tens digit of 275284213?
1
What is the hundreds digit of 176918154?
1
What is the billions digit of 1200395678?
1
What is the ten millions digit of 241190051?
4
What is the billions digit of 1358565284?
1
What is the ten thousands digit of 168525715?
2
What is the ten thousands digit of 330144247?
4
What is the units digit of 4918925578?
8
What is the tens digit of 196219036?
3
What is the hundred thousands digit of 60263003?
2
What is the tens digit of 1461117123?
2
What is the ten thousands digit of 438878845?
7
What is the units digit of 123831468?
8
What is the hundred millions digit of 4989763290?
9
What is the hundred thousands digit of 207964592?
9
What is the thousands digit of 4647669609?
9
What is the hundred millions digit of 624043183?
6
What is the tens digit of 74883605?
0
What is the hundred thousands digit of 47841589?
8
What is the hundred thousands digit of 4427343?
4
What is the hundreds digit of 27915938?
9
What is the hundred millions digit of 678547785?
6
What is the hundred thousands digit of 743139993?
1
What is the ten thousands digit of 269764917?
6
What is the millions digit of 992305572?
2
What is the millions digit of 48233949?
8
What is the units digit of 110953342?
2
What is the ten thousands digit of 746023780?
2
What is the millions digit of 270138653?
0
What is the tens digit of 48933801?
0
What is the hundreds digit of 100124567?
5
What is the millions digit of 3263717536?
3
What is the tens digit of 2804943112?
1
What is the ten thousands digit of 58197208?
9
What is the ten thousands digit of 548157523?
5
What is the thousands digit of 4360976161?
6
What is the ten thousands digit of 252889538?
8
What is the thousands digit of 124004409?
4
What is the tens digit of 70156594?
9
What is the hundreds digit of 583700759?
7
What is the thousands digit of 1294907399?
7
What is the ten millions digit of 1219909353?
1
What is the tens digit of 14753352?
5
What is the ten thousands digit of 54121290?
2
What is the ten thousands digit of 16397652?
9
What is the tens digit of 2050360522?
2
What is the thousands digit of 19833338?
3
What is the ten millions digit of 77755213?
7
What is the billions digit of 1502861608?
1
What is the hundred thousands digit of 1218859367?
8
What is the tens digit of 13032561?
6
What is the millions digit of 13301281?
3
What is the ten thousands digit of 49857820?
5
What is the hundred thousands digit of 105951297?
9
What is the thousands digit of 5984179826?
9
What is the ten thousands digit of 33175072?
7
What is the thousands digit of 1118722932?
2
What is the hundred millions digit of 864490991?
8
What is the ten thousands digit of 37398807?
9
What is the hundreds digit of 2747796099?
0
What is the millions digit of 40613308?
0
What is the ten millions digit of 35422075?
3
What is the units digit of 1387319404?
4
What is the hundred millions digit of 107994906?
1
What is the units digit of 30974735?
5
What is the tens digit of 283225646?
4
What is the hundreds digit of 1054167?
1
What is the hundreds digit of 991954710?
7
What is the units digit of 193129097?
7
What is the ten thousands digit of 6474322745?
2
What is the millions digit of 425952150?
5
What is the thousands digit of 143674408?
4
What is the thousands digit of 48884573?
4
What is the hundreds digit of 945998635?
6
What is the hundred millions digit of 1702714252?
7
What is the thousands digit of 519275108?
5
What is the billions digit of 1027302906?
1
What is the units digit of 147951705?
5
What is the ten thousands digit of 378121388?
2
What is the ten millions digit of 298994459?
9
What is the thousands digit of 1602198905?
8
What is the ten millions digit of 58072304?
5
What is the hundred thousands digit of 43485523?
4
What is the hundred millions digit of 127771123?
1
What is the ten millions digit of 211710656?
1
What is the hundreds digit of 903831168?
1
What is the hundred thousands digit of 657868280?
8
What is the hundred millions digit of 1688294942?
6
What is the ten thousands digit of 2533790665?
9
What is the billions digit of 5166935580?
5
What is the thousands digit of 923687258?
7
What is the tens digit of 1500272889?
8
What is the hundred thousands digit of 1559121903?
1
What is the ten millions digit of 214735087?
1
What is the hundreds digit of 25364659?
6
What is the tens 